7 a factor of 29403?
True
Does 619 divide 5972731?
True
Is 403120 a multiple of 11?
False
Is 13 a factor of 271798?
False
Is 464842 a multiple of 19?
False
Is 15 a factor of 13575?
True
Is 714720 a multiple of 8?
True
Is 44329 a multiple of 9?
False
Is 205128 a multiple of 231?
True
Is 10511652 a multiple of 35?
False
Is 7 a factor of 326157?
False
Is 233 a factor of 5825?
True
Does 4 divide 150494?
False
Does 3 divide 29335?
False
Is 7035111 a multiple of 1124?
False
Is 284457 a multiple of 38?
False
Is 9879207 a multiple of 712?
False
Does 1086 divide 8696061?
False
Is 4213560 a multiple of 438?
True
Does 11 divide 744458?
True
Is 2 a factor of 18581?
False
Does 362 divide 1058488?
True
Is 331 a factor of 85067?
True
Is 7 a factor of 734616?
False
Does 12 divide 1401996?
True
Is 520327 a multiple of 673?
False
Is 41 a factor of 9928888?
True
Does 9 divide 8597461?
False
Does 977 divide 1962397?
False
Is 52 a factor of 723124?
False
Is 59 a factor of 98859?
False
Does 42 divide 113462?
False
Is 281 a factor of 148368?
True
Is 10703378 a multiple of 29?
True
Is 10744329 a multiple of 438?
False
Is 9 a factor of 6574?
False
Does 64 divide 1307610?
False
Is 106415 a multiple of 82?
False
Does 114 divide 2051658?
True
Does 2 divide 52821?
False
Does 440 divide 194989?
False
Does 104 divide 35256?
True
Is 36958 a multiple of 3?
False
Is 226 a factor of 9697855?
False
Is 6895448 a multiple of 28?
True
Is 63 a factor of 920871?
True
Does 6 divide 650979?
False
Does 157 divide 4625969?
False
Is 6989766 a multiple of 14?
True
Does 129 divide 2370179?
False
Does 11 divide 332493?
False
Is 443856 a multiple of 4?
True
Does 19 divide 2247206?
True
Does 403 divide 1100190?
True
Is 689713 a multiple of 85?
False
Is 153906 a multiple of 227?
True
Is 21406 even?
True
Is 4526428 a multiple of 1057?
False
Does 1338 divide 3708023?
False
Is 1416190 a multiple of 129?
False
Does 3 divide 49695?
True
Is 21 a factor of 5717?
False
Is 8618951 a multiple of 23?
True
Is 81 a factor of 261049?
False
Is 166552 a multiple of 190?
False
Is 18 a factor of 7670561?
False
Is 261072 a multiple of 333?
True
Does 17 divide 135218?
True
Is 874664 a multiple of 14?
True
Is 1762797 a multiple of 885?
False
Is 935485 a multiple of 3?
False
Does 16 divide 69680?
True
Is 4 a factor of 227476?
True
Does 148 divide 10843960?
True
Is 308173 a multiple of 142?
False
Is 133980 a multiple of 11?
True
Is 1646 a factor of 18428672?
False
Is 61308 a multiple of 12?
True
Is 122 a factor of 1145071?
False
Is 7776 a multiple of 4?
True
Does 45 divide 745779?
False
Is 19 a factor of 54720?
True
Is 4 a factor of 203908?
True
Is 5341280 a multiple of 7?
True
Is 2149038 a multiple of 17?
True
Is 2303385 a multiple of 31?
False
Does 181 divide 576691?
False
Is 14 a factor of 836251?
False
Does 17 divide 555632?
False
Does 93 divide 305319?
True
Is 1719600 a multiple of 4?
True
Does 29 divide 17690?
True
Does 3 divide 83335?
False
Is 13832 a multiple of 28?
True
Is 1816607 a multiple of 7?
False
Is 18 a factor of 4696051?
False
Does 10 divide 73714?
False
Is 1917512 a multiple of 25?
False
Is 4 a factor of 22834?
False
Does 38 divide 17113642?
True
Is 395169 a multiple of 157?
True
Is 35 a factor of 213283?
False
Is 1595924 a multiple of 11?
True
Is 87 a factor of 1650311?
False
Is 52 a factor of 732274?
False
Is 6 a factor of 156996?
True
Does 5 divide 52750?
True
Is 169202 a multiple of 22?
True
Does 24 divide 9165927?
False
Is 1606416 a multiple of 98?
True
Is 64 a factor of 1184384?
True
Is 15 a factor of 212657?
False
Is 12 a factor of 2628?
True
Is 5551916 a multiple of 16?
False
Does 274 divide 569098?
True
Is 26 a factor of 271830?
True
Does 30 divide 259980?
True
Does 35 divide 15225?
True
Is 23 a factor of 44856?
False
Does 40 divide 311306?
False
Is 44165 a multiple of 20?
False
Is 8 a factor of 180748?
False
Is 90 a factor of 18090?
True
Does 514 divide 1355932?
True
Is 17 a factor of 2650992?
False
Does 343 divide 240971?
False
Is 1313 a factor of 1888742?
False
Is 172104 a multiple of 568?
True
Is 64080 a multiple of 12?
True
Is 619424 a multiple of 26?
True
Does 23 divide 12397?
True
Does 56 divide 2920139?
False
Is 628350 a multiple of 73?
False
Does 11 divide 16232?
False
Is 93 a factor of 58497?
True
Is 86 a factor of 4367379?
False
Is 281055 a multiple of 17?
False
Is 151336 a multiple of 93?
False
Does 11 divide 930622?
True
Does 769 divide 10345107?
False
Is 711 a multiple of 39?
False
Is 2136004 a multiple of 52?
True
Is 217 a factor of 116746?
True
Does 292 divide 20944284?
True
Is 17 a factor of 5154859?
True
Does 76 divide 9857580?
True
Is 299389 a multiple of 87?
False
Is 3 a factor of 34470?
True
Is 245 a factor of 5050816?
False
Is 327083 a multiple of 65?
False
Does 3 divide 113266?
False
Is 740892 a multiple of 29?
True
Is 2 a factor of 1922776?
True
Does 26 divide 63424?
False
Does 417 divide 44568?
False
Is 57 a factor of 3335130?
False
Does 563 divide 9290072?
False
Is 618389 a multiple of 73?
False
Is 618 a factor of 440016?
True
Is 2506331 a multiple of 66?
False
Does 4 divide 37741?
False
Does 15 divide 1197630?
True
Is 946380 a multiple of 30?
True
Is 33 a factor of 270501?
True
Is 511560 a multiple of 24?
True
Is 1889 a factor of 2423587?
True
Does 2071 divide 403189?
False
Does 314 divide 3416320?
True
Is 58 a factor of 399460?
False
Is 1376124 a multiple of 164?
True
Is 3669070 a multiple of 1241?
False
Is 10 a factor of 52585?
False
Does 1097 divide 482063?
False
Is 33 a factor of 4700982?
True
Is 27 a factor of 287064?
True
Is 786318 a multiple of 13?
True
Does 495 divide 4337685?
True
Is 53 a factor of 6288390?
False
Is 573795 a multiple of 33?
False
Is 1755410 a multiple of 5?
True
Is 430 a factor of 79980?
True
Does 407 divide 403337?
True
Is 16 a factor of 225493?
False
Is 318160 a multiple of 39?
False
Is 32 a factor of 610129?
False
Is 145945 a multiple of 20?
False
Is 4 a factor of 11411?
False
Is 56 a factor of 11550?
False
Is 26 a factor of 939636?
False
Is 13 a factor of 116142?
True
Does 71 divide 66101?
True
Is 519168 a multiple of 26?
True
Is 143 a factor of 251251?
True
Is 45 a factor of 507825?
True
Is 22426783 a multiple of 14?
False
Does 404 divide 413696?
True
Is 23985774 a multiple of 107?
False
Is 5 a factor of 876597?
False
Does 47 divide 75153?
True
Is 7 a factor of 170646?
True
Is 4 a factor of 417698?
False
Does 5 divide 87180?
True
Is 4 a factor of 461708?
True
Is 20923244 a multiple of 122?
True
Is 38115 a multiple of 7?
True
Is 74285 a multiple of 179?
True
Is 481 a factor of 5789274?
False
Does 17 divide 6212711?
False
Is 136 a factor of 6190720?
True
Is 24175072 a multiple of 229?
True
Is 234 a factor of 47095?
False
Does 779 divide 2404773?
True
Does 9 divide 1296?
True
Does 135 divide 7965?
True
Is 579 a factor of 165015?
True
Does 9 divide 75951?
True
Does 8 divide 1149384?
True
Is 45 a factor of 337815?
True
Is 5 a factor of 23050?
True
Is 620 a factor of 2826580?
True
Does 60 divide 121122?
False
Is 6 a factor of 92790?
True
Is 2 a factor of 526705?
False
Is 507475 a multiple of 5?
True
Is 6920374 a multiple of 11?
False
Is 812 a factor of 10182369?
False
Is 1112 a multiple of 175?
False
Is 369 a factor of 2970352?
False
Is 21 a factor of 2595768?
True
Is 30920 a multiple of 27?
False
Is 680 a factor of 3491221?
False
Is 12 a factor of 4645725?
False
Is 14 a factor of 79212?
True
Does 185 divide 13312701?
False
Is 254102 a multiple of 14?
False
Is 140 a factor of 609840?
True
Is 63 a factor of 3278016?
True
Is 43 a factor of 61447?
True
Does 9 divide 5395661?
False
Does 36 divide 351470?
False
Is 5858743 a multiple of 93?
False
Does 11 divide 158560?
False
Is 51 a factor of 568133?
False
Does 654 divide 2721948?
True
Does 10 divide 789337?
False
Is 7056015 a multiple of 1545?
True
Is 94936 a multiple of 3?
False
Is 39 a factor of 362661?
True
Is 11 a factor of 350713?
True
Does 5 divide 3904483?
False
Is 11281 a multiple of 13?
False
Does 35 divide 3345059?
False
Does 6 divide 45445?
False
Is 318 a factor of 20352?
True
Is 202 a factor of 347285?
False
Is 1496228 a multiple of 172?
True
Is 4630384 a multiple of 176?
True
Is 69321 a multiple of 41?
False
Does 142 divide 125428?
False
Is 2574372 a multiple of 39?
False
Is 